 Let x = 38 + -34. What is the highest common factor of s and x?
4
Suppose -2*m + m + 84 = 0. Suppose m = n + n. Calculate the greatest common divisor of n and 6.
6
Let l = -19 + 29. Let s be (4/6)/(1/3). Let h be (4 - (-2)/s)*5. What is the highest common divisor of l and h?
5
Suppose 4*x - 4 = -j - j, 2*x = 2. Suppose r - s = -j*r + 101, -r + 2*s = -106. Calculate the highest common divisor of 12 and r.
12
Suppose -3*o - 207 = -4*q - 0*q, 0 = 4*q - o - 213. What is the highest common divisor of 9 and q?
9
Let k(d) = d**3 + 131. Let i(o) = -o**2 - 3*o + 4. Let q be i(-4). Let w be k(q). Let f = -32 + w. Calculate the highest common factor of f and 9.
9
Suppose 0 = -0*j - 4*j. Suppose j = -5*o - 0*o + 75. Calculate the highest common divisor of o and 30.
15
Let a = 1 - -33. Let d be (2*-1 - -1) + a. Suppose 15 + d = 3*r. Calculate the highest common divisor of r and 80.
16
Suppose -165 = 4*m + m - r, -4*r - 156 = 4*m. Let o = m - -56. Calculate the highest common factor of 2 and o.
2
Suppose -b + 47 = 19. Let u(z) = z**2 + 8*z + 10. Let q be u(-9). Let v = b - q. What is the greatest common factor of v and 81?
9
Let m = 13 - -13. Suppose -2*r = 2*u - 164, -7*r + 406 = -2*r + 4*u. Suppose r = 3*v - v. What is the highest common factor of v and m?
13
Suppose -4*z - z + 560 = 0. Calculate the greatest common divisor of 16 and z.
16
Let f = -6 + 6. Let h be 30 - f/(3/1). What is the highest common divisor of h and 6?
6
Let s be 3*(2 - 1)*-9. Let h = s - -40. What is the highest common factor of h and 91?
13
Let s be (-1)/(-2)*(1 - 1). Suppose 2*f - 16 + 2 = s. Calculate the highest common factor of 35 and f.
7
Suppose -2*u - 11 = -4*g + 37, -4*u = 0. Let a(i) = -i**2 - i + 8. Let c be a(0). What is the highest common factor of g and c?
4
Suppose 3*a - 75 = -2*a. Let p = -94 - -406. Suppose p = 5*x - 63. Calculate the greatest common divisor of x and a.
15
Suppose -4*z = 2*r - 3*z - 5, 2*r - 2*z = 20. What is the highest common divisor of 35 and r?
5
Let k be 1/(-2) + 42/4. Let p(y) = y**2 + 8*y - 1. Let o be p(-9). Let w(c) = -c**2 + 8*c + 5. Let d be w(o). Calculate the greatest common divisor of d and k.
5
Let w(b) = b**3 - 7*b**2 + 6*b - 2. Let q be w(6). Let p be (0 - 1)/(q/28). Calculate the highest common divisor of 98 and p.
14
Suppose -3*b + 36 = b. What is the highest common divisor of 27 and b?
9
Suppose -8*r = -6*r - 8. Let t = 0 + r. What is the highest common factor of t and 36?
4
Let p = 171 + -38. What is the highest common divisor of p and 38?
19
Let u be 0/(-2) + -4 + 2 + 4. What is the highest common divisor of u and 10?
2
Suppose 146 = v - 3*d - 141, 3*d = 0. Let l = v - 172. Suppose q - l - 38 = -3*z, 4*q - 255 = -5*z. Calculate the highest common factor of 34 and z.
17
Let f(j) = 32*j**2 + 2*j - 1. Let h be f(1). Let i be (3/(-6))/(-1)*38. Let x = 30 - i. What is the greatest common divisor of x and h?
11
Let k(b) = 6 - 2 + b + b. Let z be k(-3). Let f be (z - 3)*(-9)/5. What is the greatest common divisor of f and 99?
9
Let o = -43 - -78. What is the greatest common divisor of 7 and o?
7
Suppose -46 - 29 = -5*p. What is the greatest common factor of p and 12?
3
Let v(u) = 2*u**2 - 4*u - 13. Let d(n) = n**2 - n. Let p(c) = 3*d(c) - v(c). Let t be p(0). What is the greatest common factor of t and 52?
13
Let y(v) = -28*v**2 - v. Let b be y(-1). Let w be b/(3 - 30/8). Calculate the greatest common divisor of w and 12.
12
Let o = -23 + 34. Let t = o - 7. Suppose -2*w - t = -3*w. What is the highest common divisor of 8 and w?
4
Let b = 60 + -40. What is the highest common divisor of b and 8?
4
Suppose d - c = -2*c + 14, 4*c + 4 = 2*d. Calculate the greatest common factor of d and 2.
2
Suppose 212 = 4*m - 4*l - l, 0 = -3*l - 12. Suppose -x = -s + 9, s + 2*s = 2*x + 24. Calculate the highest common factor of m and s.
6
Let o be (-2)/(75/81 - 1). Calculate the greatest common factor of 297 and o.
27
Let d = -12 + 26. Let j(m) = 2*m**2 - 8*m + 8. Let t be j(7). Suppose 32 = 2*n - w, 2*w = 5*n + 7*w - t. What is the greatest common divisor of d and n?
14
Suppose -q - 33 = -2*q. Suppose -2*h + q + 45 = 0. What is the highest common divisor of 13 and h?
13
Let p be 42/(-6)*32/(-28). Let i be 27/12*8/3. Let u(y) = 4*y - 8. Let j be u(i). Calculate the highest common factor of j and p.
8
Let m be (-33)/(-4) + (-9)/(-12). What is the greatest common divisor of m and 72?
9
Let i(r) = r**2 - r. Let a be i(-2). Let c(n) = 11*n - 9. Let y be c(a). Calculate the highest common divisor of y and 38.
19
Let j be 2/((-84)/(-41) - 2). Suppose -3*z - 3*u = u - j, 0 = -5*z - 2*u + 59. Suppose -423 + 71 = -4*i. What is the greatest common factor of z and i?
11
Let k = -1 - -3. Let m be (k/(-5))/(5/(-25)). Calculate the greatest common divisor of m and 8.
2
Suppose -v + 6 = -p + 21, -3*v - 15 = 0. Let d = 368 - 258. Calculate the highest common factor of p and d.
10
Let s be (-26)/169 - 576/(-26). Calculate the highest common divisor of s and 55.
11
Suppose -2*i + 2*f + 14 = 0, 5 = -0*i - 5*i - 3*f. Suppose -r + 40 = i*r - 4*n, r - 4*n = 24. What is the highest common factor of r and 16?
8
Let k be 48/(-7 - -15)*(21 + 3). Let w(d) = 4*d**2 + d - 2. Let s be w(2). Calculate the greatest common factor of s and k.
16
Let v(n) = 2*n - 7. Let f be v(5). Suppose f*x - 40 = -5*m, -m - 10 = x - 4*x. Calculate the greatest common factor of x and 2.
1
Suppose -3*o + 1311 = -5*t, 4*o - 422 = 5*t + 1321. Calculate the highest common divisor of 16 and o.
16
Let h(x) = x**2 + 2. Let l be h(-14). What is the highest common divisor of 22 and l?
22
Let l be (0 - 6)/(-2)*9. Let a(y) = 2*y. Let g be a(2). Let b be -2 + 3 + g/2. What is the highest common divisor of b and l?
3
Suppose -5 = 2*i + 1, 5*l = 5*i + 5. Let s be 2*l*(-2)/2. Suppose p = -4*u - u + 555, -5*u - s*p + 570 = 0. What is the greatest common divisor of u and 10?
10
Let s be 26/22 - (-10)/(-55). Let p be s/(-3)*36/(-4). Suppose -3*w + x = 2*x - 14, 0 = -3*x - 12. Calculate the greatest common divisor of w and p.
3
Let q be (-6)/5*(-360)/2. Let i be q/28 - 2/(-7). Calculate the greatest common factor of i and 56.
8
Suppose 50 = 3*x - 184. Let f be (-3)/2*26/(-3). Calculate the highest common divisor of f and x.
13
Suppose -7*f + 2*v = -4*f - 66, 0 = -2*f + v + 43. Calculate the highest common factor of f and 140.
20
Let c(w) = -3*w + 2. Suppose 12 = -3*v - 0. Let i be c(v). Calculate the highest common factor of i and 21.
7
Suppose f - 3 = 0, 3*p + 2*f - 466 = -2*p. Suppose p = 5*c + 7. What is the highest common divisor of 119 and c?
17
Let w(x) = 3*x - 11. Let s be w(17). What is the greatest common factor of s and 10?
10
Let f be (-2)/(2*-2 + 2). Let m = f + -1. Let i be m*(-3)/6 - -8. What is the greatest common factor of i and 8?
8
Let n be (4/(-5))/(14/(-70)). What is the highest common factor of n and 14?
2
Let x be (-1 - -2 - -3)*-2. Let g be -1 - x - 0/(-1). Let d = 12 - -2. Calculate the highest common divisor of g and d.
7
Let v(y) = -4*y + 7. Let i be v(-7). Suppose -2*u - 4 = 0, 3*p + u - 79 = 48. Let c = i + p. What is the greatest common factor of c and 13?
13
Suppose -4*w - 4*q + 25 = q, 5*q - 15 = -2*w. Suppose -23 = -2*b + 4*b + 5*r, w*r = -5*b - 20. What is the highest common factor of 2 and b?
1
Let z(q) = -q**2 + 8*q + 11. Let a be z(8). Suppose 10 = p - 5*i - 8, -3*i = p - 42. What is the greatest common divisor of p and a?
11
Suppose 4 = -2*w, 0 = 3*v + 5*w - 9 - 17. What is the greatest common divisor of v and 96?
12
Suppose -14 = a - 3*a. What is the highest common factor of a and 35?
7
Let z = -1 + 17. Calculate the greatest common factor of z and 64.
16
Let k(o) = -13*o**3 + o**2 + 6*o + 4. Let h be k(-1). Calculate the highest common divisor of h and 108.
12
Suppose 10 = -5*l, -l + 17 + 13 = 4*s. What is the greatest common divisor of 64 and s?
8
Let c be 2/(-4)*-6*2. What is the highest common factor of c and 30?
6
Let u = 398 + -211. What is the greatest common factor of u and 17?
17
Suppose -3*k + 5*k = 142. Suppose 2*i = 3*i + 4*h - k, 0 = -2*i + h + 151. Calculate the greatest common divisor of 30 and i.
15
Let q be (-27)/(-1) + 1 - -2. What is the highest common factor of 20 and q?
10
Let d be (-6)/(582/198 - (5 + -2)). What is the highest common factor of d and 11?
11
